{"id":366,"date":"2023-10-10T20:30:17","date_gmt":"2023-10-10T20:30:17","guid":{"rendered":"https:\/\/kitdigital.telentic.es\/?page_id=366"},"modified":"2023-10-10T20:30:18","modified_gmt":"2023-10-10T20:30:18","slug":"sitio-web-y-presencia-en-internet","status":"publish","type":"page","link":"https:\/\/kitdigital.telentic.es\/?page_id=366","title":{"rendered":"Sitio Web y presencia en Internet"},"content":{"rendered":"\n<h3 class=\"wp-block-heading\">El principal objetivo de esta categor\u00eda es que puedas tener una p\u00e1gina web para darte visibilidad en internet.<\/h3>\n\n\n\n<h4 class=\"wp-block-heading\"><strong>Soluciones telenTIC compatibles con la ayuda:<\/strong><\/h4>\n\n\n\n<p>Proyecto de dise\u00f1o y creaci\u00f3n p\u00e1gina web realizado directamente por el departamento de programaci\u00f3n telenTIC.<\/p>\n\n\n\n<p>Proyectos b\u00e1sicos con las funcionalidades m\u00ednimas establecidas en el Bono digital hasta soluciones complejas con tienda On-line, integraci\u00f3n de base de datos y conexiones a ERP.<\/p>\n\n\n\n<p><\/p>\n\n\n\n<p><strong>A partir de 2.000\u20ac para WEBS basadas en WordPress con las siguientes funcionalidades y servicios:<\/strong><\/p>\n\n\n\n<h4 class=\"wp-block-heading\"><strong>Funcionalidades y servicios<\/strong><\/h4>\n\n\n\n<ul class=\"wp-block-list\">\n<li><strong>Dominio<\/strong>: Alta y vigencia de 1 a\u00f1o.&nbsp;<\/li>\n\n\n\n<li><strong>Hosting<\/strong>: Alojamiento de la p\u00e1gina WEB durante 12 meses.&nbsp;<\/li>\n\n\n\n<li><strong>Dise\u00f1o de la p\u00e1gina web<\/strong>: Un m\u00ednimo de 3 apartados o secciones como: p\u00e1gina de inicio (Landing Page), presentaci\u00f3n de la empresa, formulario de contacto, descripci\u00f3n de productos, datos de contacto, mapa del sitio (sitemap), etc.<\/li>\n\n\n\n<li><strong>Web responsive<\/strong>: Adaptada a cualquier tipo de dispositivo.&nbsp;<\/li>\n\n\n\n<li><strong>Accesibilidad<\/strong>: el dise\u00f1o de la web cumplir\u00e1 con los criterios de conformidad de nivel AA de las Pautas WCAG-2.1.&nbsp;<\/li>\n\n\n\n<li><strong>Posicionamiento b\u00e1sico en internet<\/strong>:&nbsp; La informaci\u00f3n de tu PYME ser\u00e1 indexable por los principales motores de b\u00fasqueda (On-Page).<\/li>\n\n\n\n<li><strong>Autogestionable<\/strong>: Plataforma de gesti\u00f3n de contenidos para que&nbsp; se pueda&nbsp; modificar los contenidos de la web sin necesidad de ayuda.<\/li>\n\n\n\n<li><strong>Optimizaci\u00f3n de la presencia en buscadores (SEO b\u00e1sico)<\/strong>: An\u00e1lisis de palabras clave, SEO On-Page de 2 p\u00e1ginas o apartados, indexaci\u00f3n y jerarquizaci\u00f3n del contenido.<\/li>\n<\/ul>\n\n\n\n<h4 class=\"wp-block-heading\"><strong>Segmento de beneficiario<\/strong><\/h4>\n\n\n\n<p>0 &lt; 3 empleados: 2.000\u20ac<\/p>\n\n\n\n<p>3 &lt; 9 empleados: 2.000\u20ac<\/p>\n\n\n\n<p>10 &lt; 50 empleados: 2.000\u20ac<\/p>\n\n\n\n<p>Para otras funcionalidades solicita tu presupuesto a medida y sin compromiso.&nbsp;<\/p>\n","protected":false},"excerpt":{"rendered":"<p>El principal objetivo de esta categor\u00eda es que puedas tener una p\u00e1gina web para darte visibilidad en internet. Soluciones telenTIC compatibles con la ayuda: Proyecto de dise\u00f1o y creaci\u00f3n p\u00e1gina web realizado directamente por el departamento de programaci\u00f3n telenTIC. Proyectos b\u00e1sicos con las funcionalidades m\u00ednimas establecidas en el Bono digital hasta soluciones complejas con tienda&hellip;&nbsp;<a href=\"https:\/\/kitdigital.telentic.es\/?page_id=366\" rel=\"bookmark\">Leer m\u00e1s &raquo;<span class=\"screen-reader-text\">Sitio Web y presencia en Internet<\/span><\/a><\/p>\n","protected":false},"author":1,"featured_media":0,"parent":0,"menu_order":0,"comment_status":"closed","ping_status":"closed","template":"","meta":{"neve_meta_sidebar":"","neve_meta_container":"","neve_meta_enable_content_width":"","neve_meta_content_width":0,"neve_meta_title_alignment":"","neve_meta_author_avatar":"","neve_post_elements_order":"","neve_meta_disable_header":"","neve_meta_disable_footer":"","neve_meta_disable_title":"","_themeisle_gutenberg_block_has_review":false,"footnotes":""},"class_list":["post-366","page","type-page","status-publish","hentry"],"_links":{"self":[{"href":"https:\/\/kitdigital.telentic.es\/index.php?rest_route=\/wp\/v2\/pages\/366","targetHints":{"allow":["GET"]}}],"collection":[{"href":"https:\/\/kitdigital.telentic.es\/index.php?rest_route=\/wp\/v2\/pages"}],"about":[{"href":"https:\/\/kitdigital.telentic.es\/index.php?rest_route=\/wp\/v2\/types\/page"}],"author":[{"embeddable":true,"href":"https:\/\/kitdigital.telentic.es\/index.php?rest_route=\/wp\/v2\/users\/1"}],"replies":[{"embeddable":true,"href":"https:\/\/kitdigital.telentic.es\/index.php?rest_route=%2Fwp%2Fv2%2Fcomments&post=366"}],"version-history":[{"count":1,"href":"https:\/\/kitdigital.telentic.es\/index.php?rest_route=\/wp\/v2\/pages\/366\/revisions"}],"predecessor-version":[{"id":367,"href":"https:\/\/kitdigital.telentic.es\/index.php?rest_route=\/wp\/v2\/pages\/366\/revisions\/367"}],"wp:attachment":[{"href":"https:\/\/kitdigital.telentic.es\/index.php?rest_route=%2Fwp%2Fv2%2Fmedia&parent=366"}],"curies":[{"name":"wp","href":"https:\/\/api.w.org\/{rel}","templated":true}]}}